2 is divided by n(3)?
35
Suppose 40*u - 805 = 115. What is the remainder when 292 is divided by u?
16
Let s(i) = -2*i**3 - 44*i**2 - 152*i - 3319. Calculate the remainder when s(-30) is divided by 11.
10
Suppose -2*i = 10, -3*m + 21*i - 25*i = -1351. What is the remainder when m is divided by 149?
10
Let h = -176 - -123. Let o = -34 - h. Let y = o - 15. What is the remainder when 25 is divided by y?
1
Let o(v) = -5*v + 5. Let p be (-1 - 22/(-4))/(1/(-2)). Let g = 179 - 161. Calculate the remainder when o(p) is divided by g.
14
Calculate the remainder when 4/11 + (-120906)/(-198) is divided by 34.
33
Let f(r) = -242*r - 601. Calculate the remainder when f(-3) is divided by 14.
13
Let i(n) = -19 - 8*n + 10 + 13 + 12*n**2 + 18*n**2. Calculate the remainder when i(5) is divided by 65.
64
Let c(a) = -2*a**2 + 8*a + 73. Let o(k) = -k**2 + 4*k + 37. Let d(n) = -2*c(n) + 5*o(n). Let t = -3 - -5. Calculate the remainder when d(8) is divided by t.
1
Suppose -2*t = -14*r + 19*r - 383, -5*r = -5. Calculate the remainder when t is divided by 6.
3
Suppose -77*b + 276 = 61*b. What is the remainder when 13 is divided by b?
1
Let z(n) = -61*n**2 - 2*n + 3. Suppose 4 = -2*v + 2*u, 0*u + 4 = v + u. Let a be z(v). Let m = a - -180. Calculate the remainder when m is divided by 41.
38
Let f(w) = -w**2 + w + 7. Let z be f(-5). Let p = -22 - z. Calculate the remainder when 33 is divided by (p + 2)/(-1) - -15.
9
Suppose 4*a = -s + 3, -9*a + 5*a + 2*s = 6. Calculate the remainder when a + 7/((-28)/(-144)) is divided by 5.
1
Suppose 3*u - 594 = 2*d - 5*d, 0 = -2*d + 6*u + 348. What is the remainder when d is divided by 87?
18
Let f be (-2)/(3/(-9)*2) + 54. Suppose f*i = 51*i + 228. Let t = 21 + -11. What is the remainder when i is divided by t?
8
Let n(k) = 56*k**2 + 100*k - 138. What is the remainder when n(-26) is divided by 23?
20
Let w be -10 - 3 - (2 + -3). Let x(q) = q**2 - 5*q + 1. Let l be x(6). Calculate the remainder when (w/l)/(-6) - (-194)/7 is divided by 16.
12
Suppose 279*b - 555 = 274*b + 5*t, -3*t = -15. Calculate the remainder when 1191 is divided by b.
31
Suppose -2*w - 4*r + 6 = -2*r, 0 = 3*r. Suppose g + w*g + 12 = 0, 5*g + 60 = a. What is the remainder when a is divided by -1 + 3 + -1 + 11?
9
Suppose 47*u - 915 = -14*u. What is the remainder when 252 is divided by u?
12
Suppose 0 = -137*z - 175269 + 7820280. What is the remainder when z is divided by 71?
68
Let i be 45/1*6/(-6). Let q(o) = -o**3 - 8*o**2 - 3*o - 5. What is the remainder when 5/(150/(-4)) - 3291/i is divided by q(-8)?
16
Suppose 4*z + w = -0*z + 363, 462 = 5*z + 4*w. Let p = z - 66. What is the remainder when 71 is divided by p?
23
Suppose p - 5 = 0, 0*q + 2*q + 244 = 2*p. What is the remainder when (-26)/q + (-604)/(-36) is divided by 14?
3
Suppose -798 + 104 = -4*z + 2*b, 0 = 5*z - b - 857. Calculate the remainder when 638 is divided by z.
128
Let c(s) = -6*s**2 - 35*s - 100. Let a(x) = x**2 + 1. Let d(f) = -3*a(f) - c(f). Let w = 246 + -152. Calculate the remainder when w is divided by d(-3).
18
Let d(c) = c**3 - 5*c**2 - 48*c - 14. What is the remainder when 39*1 + 4 + -8 is divided by d(10)?
5
Let v(a) = -a**3 + 19*a**2 - 32*a - 14. Let o be v(17). Suppose 3*y = 8*y - o. Suppose -y*f + 2 = -90. Calculate the remainder when 111 is divided by f.
19
Suppose 27*q + 97 = -281. Let o(b) = b**3 + 11*b**2 - 43*b - 13. Calculate the remainder when -1*(0 + 2/(-1)) is divided by o(q).
0
Let b(c) = 23*c**2 - 5*c + 2. Suppose 4*i - 1 = s, 5*i + 18*s - 11 = 16*s. What is the remainder when 92 - 1/(-2)*0 is divided by b(i)?
12
Let s(p) = 5*p**2 + 87*p - 117. What is the remainder when s(-22) is divided by 95?
9
Calculate the remainder when 264 is divided by -91 + 155 + 4*1.
60
Let n = -10 - -27. Let p = -109 + 112. Calculate the remainder when 120/10*4 + -1 + p is divided by n.
16
Suppose -12623 - 101025 = -109*p - 942. Calculate the remainder when p is divided by 47.
0
Let r = 15526 + -5431. What is the remainder when r is divided by 23?
21
Suppose 2*x - 4*j - 272 = 0, -4*j + 407 = 5*x - 245. What is the remainder when x is divided by 19?
18
Let n = 7483 + -7282. What is the remainder when 806 is divided by n?
2
Suppose k - 23 = o, 0 = 39*k - 42*k + 5*o + 73. Calculate the remainder when 306 is divided by k.
12
Suppose -1172 = -3*p - 2*n, 4*p + 4*n - 1563 = n. Let s(k) = -18*k**3 + 267*k**2 + 58*k - 139. Calculate the remainder when p is divided by s(15).
54
Let r(a) = -2*a**3 - a**2 - 2*a - 20. Let c be r(-5). Let m = c + -200. Calculate the remainder when 114 is divided by m.
9
Suppose 5*j = 3*f + 119, -2*j = -f - 17 - 31. What is the remainder when j is divided by 6/((-9)/(-2) - 3)?
1
Let d = -1180 + 1212. What is the remainder when 134 is divided by d?
6
Let t(s) = -395*s**3 - 13824*s**2 + 32*s + 18. Let x(q) = 5*q + 2. Calculate the remainder when t(-35) is divided by x(8).
39
Let j(g) = -6*g**2 + 9*g - 84. Let t be j(5). Let n = -145 - t. What is the remainder when 95 is divided by n?
7
Suppose -2*f = -5*f + 78. Let q(i) = -4*i + 92. Let y be q(16). Suppose -12*r - m = -15*r + y, -5*m - 14 = -r. Calculate the remainder when f is divided by r.
8
Let u = -492 - -504. What is the remainder when 6378/24 - ((-3)/u)/1 is divided by 45?
41
Let j(s) = 15*s**2 - 118*s + 11. Let y be j(9). Let c(l) = -12*l + 5. Let b be c(-14). Suppose -b*f + 177*f = y. What is the remainder when f is divided by 11?
8
Suppose t - 1 = 2. Let m(c) = -3 + 8*c**2 + 5*c**2 - t - 4*c**2. What is the remainder when m(3) is divided by 40?
35
Let t = -108 - -194. Suppose 2*r + 30 = -2*w, 4*r + 3 = 23. What is the remainder when t is divided by -1 + (-615)/w + (-3)/4?
28
Suppose 4*n = -n + 5*z + 295, 0 = 4*z - 20. Let f be (3/9)/((-12)/(-9))*52. Suppose 0 = -49*t + 48*t + f. What is the remainder when n is divided by t?
12
Suppose 4*x + x - 140 = 0. Let k = -18 - -13. Let q(d) = -d**3 - 3*d**2 + 3*d - 20. Calculate the remainder when x is divided by q(k).
13
Let v(r) be the second derivative of -13*r**3/6 - 2*r**2 - r. What is the remainder when v(-3) is divided by 290/25 - (3 - (-34)/(-10))?
11
Suppose 0 = -25*g + 12*g + 884. Let a = 188 - g. Let n(k) = -20*k + 1. Calculate the remainder when a is divided by n(-2).
38
Calculate the remainder when 81 is divided by 29280/400 - 8/(-10).
7
Let y(k) = -5*k**2 + k + 44. Let a be y(-4). Calculate the remainder when (-762)/(-10) - (-8)/a is divided by 30.
16
Suppose -2*s + 88 = -74*x + 75*x, -5*s + 265 = -5*x. Calculate the remainder when 324 is divided by s.
42
Suppose 14*c - 9520 - 5622 = 2*m, -4*m = 16. What is the remainder when c is divided by 108?
1
Suppose 0 = -45*q + 23*q + 23*q - 1. Calculate the remainder when 52 is divided by q.
0
Let d(k) = 36 - 76 + 33 + 55*k + k. What is the remainder when d(5) is divided by 69?
66
Let b(u) = 2*u**2 + 124*u + 1980. What is the remainder when b(-14) is divided by 148?
44
Let m = -236 + 464. Let o = m + -215. Calculate the remainder when 48 is divided by o.
9
Suppose 0*n - 3 = -4*n - 3*h, -3*n + h - 14 = 0. Let g(i) = 11*i**2 - 2*i - 1. Let u be g(-1). Calculate the remainder when (-6)/(n + 32/u) is divided by 7.
4
What is the remainder when 25 is divided by 4 - 378/90 - (1 - (-228)/(-15))?
11
Suppose -v - 1515 = 4*v. Let w be (-86205)/(-189) - (-1)/(-9). Let a = w + v. Calculate the remainder when a is divided by 39.
36
Let m(u) = -u**2 + 14*u + 90. Let k(a) = -a**3 - 2*a**2 - 12*a + 15. Calculate the remainder when k(-5) is divided by m(17).
33
Let r(z) = z**2 - 37*z + 7. Calculate the remainder when 1623 is divided by r(0).
6
Suppose -20*g - 238188 = 3*g. What is the remainder when g/(-84) - (-6)/(-21) is divided by 25?
23
Let a = 25139 - 24052. Calculate the remainder when a is divided by 96.
31
Let w be 7 + -5 + 47 - (3 + -1). Suppose 0 = 41*p - w*p + 24. What is the remainder when 31 is divided by p?
3
Let q = 744 + -357. Let r = q + -349. Calculate the remainder when 107 is divided by r.
31
Suppose -2*g - 5*d = -411, 4*d + 228 = g + 2*d. Suppose 2*a - 78 = -4*u, -4*a + 17 = -4*u - 7. What is the remainder when g is divided by a?
14
Let n be 0*((-1)/4)/(0 + -1). Suppose -9*z + 3*z + 210 = n. Let p(w) = 5*w - 3. Calculate the remainder when z is divided by p(3).
11
Let n(i) = -i**2 + 26*i + 244. Let h be n(0). Suppose -4*f -